+ 3*t**3/2 + 5*t**2 + 58*t. List the prime factors of c(-3).
2, 7
Suppose 50*n - 44*n = -5022. What are the prime factors of (-1*(-4)/(-3))/(6/n)?
2, 3, 31
Suppose -5*u - 21 = -3*m, 0 = 5*u + 3*m - 11 + 20. Let o(b) = 2*b**2 + 3*b - 2 - 5*b - b. What are the prime factors of o(u)?
5
Suppose -97*v = -101*v - 4, -2*z - 5*v + 30819 = 0. What are the prime factors of z?
2, 3853
List the prime factors of (-1 - 21) + 11899992/516.
2, 3, 5
Let t = 903 + -491. Let r = 913 - t. List the prime factors of r.
3, 167
Let l = 2095 + 3062. What are the prime factors of l?
3, 191
Suppose -6*m + 3 + 15 = 0. Suppose -q = 5, -7*w + 2*q = -m*w - 18. Suppose -s - 131 = -w*s. List the prime factors of s.
131
Suppose 18*s - 128 = -14*s. List the prime factors of (s/10)/((-34)/(-19210)).
2, 113
Suppose -2*u = -3*w + 8, -5*w + u - 2*u = 4. Suppose -s + 11*h - 8*h - 5 = w, -5*h + 10 = 0. List the prime factors of (-3*s)/(((-162)/12)/9).
2
List the prime factors of (1 - -6) + 19670/63*9.
3, 313
Let n = 50 + -48. Suppose 3*m = -5*z - 2, 2*m = n*z - z - 10. What are the prime factors of (0 - m - 2) + 89?
7, 13
Let m = 450 - 468. Let v = 379 - m. What are the prime factors of v?
397
Suppose -30 = 18*h - 13*h. What are the prime factors of 28/84 - 1498/h?
2, 5
Suppose 98*p + 63 = 95*p. List the prime factors of 184 + p + 1 + 6.
2, 5, 17
Let w = -12 - -17. Let t(b) = 15*b - 3. Let o be t(w). List the prime factors of 1/((-2)/300)*(-36)/o.
3, 5
Let m(f) be the second derivative of 11*f**4/6 + 2*f**3/3 + 3*f**2/2 - 125*f. What are the prime factors of m(-6)?
3, 257
Let b = -2360 + 9856. List the prime factors of b.
2, 937
Suppose -8*p - 2952 = 3320. Let f be -4 + p/(-4) + 0. Suppose 0 = 3*z - f - 162. What are the prime factors of z?
2, 59
Let g(a) = 2*a**2 - 23*a - 84. Let r be (-6)/4*572/(-39). List the prime factors of g(r).
2, 3, 7
Let p be (-4)/6*(-71 - -62). Suppose p*w - 1713 = 1491. What are the prime factors of w?
2, 3, 89
Suppose -8*a - 4*a = -60. Suppose -a*n = 14 + 16. What are the prime factors of (-12)/(-8)*(-596)/n?
149
Let t = 444 - 164. Suppose 0 = -y + t + 153. List the prime factors of y.
433
Let d(a) be the third derivative of 19*a**5/60 - a**4/8 + 37*a**3/6 - 204*a**2. What are the prime factors of d(-5)?
17, 31
Suppose 5*u - 867 = -2*o + 837, -5*o = 5*u - 4230. List the prime factors of o.
2, 421
Let h = -4003 - -15457. List the prime factors of h.
2, 3, 23, 83
Let o = -1241 - -3422. What are the prime factors of o?
3, 727
Let q = -1522 + 1022. Let w(h) = 2*h**3 + 13*h**2 + 24*h + 39. Let d be w(-8). Let z = d - q. What are the prime factors of z?
5, 31
Let d(o) = -793*o - 2274. List the prime factors of d(-12).
2, 3, 17, 71
Suppose 3*x + 50 - 260 = 0. Let g = -75 - -33. Let u = x + g. List the prime factors of u.
2, 7
Let z = 1836 + 23213. What are the prime factors of z?
37, 677
Suppose 3*t - 1799769 = -60*t + 842073. List the prime factors of t.
2, 3, 29, 241
Let l = 55 - 50. Suppose 3*g - 1346 = -2*i, -i + 3*i = l*g - 2270. What are the prime factors of g?
2, 113
Let w(j) = 1740*j**2 - 36*j - 82. List the prime factors of w(-2).
2, 5, 139
Let y be 5 - (2 + 2 + -67). Suppose -65*m - 87 = -y*m. List the prime factors of m.
29
Let g(j) = -22*j**2 - 6 - 19*j**2 - 5*j - 17*j**3 + 52*j**2 - 12*j**2. What are the prime factors of g(-2)?
2, 17
Let y(w) = -2*w + 6. Let a be y(-5). Suppose -9*z - 11204 = -13*z. Suppose -289 + z = a*f. What are the prime factors of f?
157
Let i = 477 - 407. Suppose i = -5*g + 100. What are the prime factors of g?
2, 3
Let w(d) = 120*d**3 - 5*d**2 - 18*d + 31. What are the prime factors of w(5)?
2, 463
Suppose -5*j + 4*x = -65 - 35, -2*j - 2*x + 40 = 0. Suppose -2*d = -j - 78. What are the prime factors of d?
7
Let d(n) = 985*n - 17 - 7 - 3. List the prime factors of d(1).
2, 479
Suppose 0 = -2*z - 2 + 34. Suppose -14*b = -z*b + 80. Suppose 0 = -6*o + o + b. List the prime factors of o.
2
Let a be (-129388)/168 - ((-6)/(-3))/(-12). Let w = 1476 + a. What are the prime factors of w?
2, 353
Let r(k) = -66*k**2 - 3*k + 5. Let o be r(2). Let p = o + 725. List the prime factors of p.
2, 5, 23
List the prime factors of (80 + -79)/((3 - -1)/10456).
2, 1307
Let h be (-145)/(-35) + 4/(-28). List the prime factors of ((-27)/h)/(-8 - 4150/(-520)).
3, 13
Let f = 998 - 1041. List the prime factors of 493/29*(f/(-1) + -1).
2, 3, 7, 17
Let r = 2233 - 1900. What are the prime factors of r?
3, 37
Let v = 350 - 566. Let r = v + 729. What are the prime factors of r?
3, 19
Suppose 0 = -30*o + 28*o - 14, 5*t - 141512 = -4*o. List the prime factors of t.
2, 3, 7, 337
Let t(y) be the second derivative of 121*y**4/4 - 7*y**3/6 + 3*y**2 - 50*y. What are the prime factors of t(1)?
2, 181
Suppose -3*i + 26217 = -3*q, -12*q + 9*q = 2*i - 17493. List the prime factors of i.
2, 3, 31, 47
Let i be 7 - 6/6*-3. Suppose -3*g = -3*w - 1002, -2*g - i*w = -8*w - 672. What are the prime factors of g?
5, 67
Suppose 0 = -4*r + 8. Suppose 0 = -r*i + 190 - 932. Let l = -254 - i. List the prime factors of l.
3, 13
Suppose -4*o + g + 13774 = 0, -g = -16*g + 30. What are the prime factors of o?
2, 3, 7, 41
Suppose l = 5*g + 13801, 22*l - 5*g = 20*l + 27637. List the prime factors of l.
2, 3, 1153
Let v = 251 + -246. Suppose -v*s = -0*w + 5*w - 3915, 0 = -3*s - w + 2359. List the prime factors of s.
2, 197
Suppose 4 = -0*q + 2*q. Suppose -50*z + 4440 + 7010 = 0. Suppose -q*u = -27 - z. What are the prime factors of u?
2
Suppose 0*w = -3*p - 5*w + 55, 4*w - 8 = 0. Suppose 3*m + 2700 = p*m. List the prime factors of m.
3, 5
Let f(r) = -r**2 - 16*r - 32. Let g be f(-14). Let l be 5*g/(-120) - (-970)/12. Let h = l + -26. What are the prime factors of h?
5, 11
Let f(j) = j**3 + 9*j**2 + 12*j + 28. Let w be f(-8). Let u(q) = -13*q**3 - 5*q**2 + 5*q + 14. List the prime factors of u(w).
2, 373
Let o(q) = -q**2 + q + 96. Let a be o(0). Let v = 7347 - 7160. Suppose 5*s + 58 = 2*r + v, -4*r = -4*s + a. List the prime factors of s.
3
Let j be 0/8*(5/(-3))/(-5). Let z(g) = -g**3 + 2*g**2 - 6*g + 44. List the prime factors of z(j).
2, 11
Let p = -284 - -335. Suppose t = 69 + 32. Suppose 4*s - t = p. List the prime factors of s.
2, 19
Let r = 6176 + -1132. List the prime factors of r.
2, 13, 97
Let q(o) = 8*o**2 - 21*o - 37. Suppose 7*h = 585 - 515. What are the prime factors of q(h)?
7, 79
Suppose 3*p = 9*p - 678. Suppose -116 = g + p. Let w = 449 + g. What are the prime factors of w?
2, 5, 11
Suppose -4*y - 4 = -16. Suppose y*l - 74 = -20. What are the prime factors of 27/l*(0 + 14)?
3, 7
Let w(o) = -o**3 + 46*o**2 - 42*o + 17. What are the prime factors of w(32)?
13009
Let r(i) = 4*i - 99. Let f be r(25). Let n(c) = 320*c**2 - c + 1. What are the prime factors of n(f)?
2, 5
Let k be ((-5)/(2 + 3))/1. Let b be ((-36)/27)/(k*3/9). Suppose b = 2*j - 0, -268 = -2*v - 4*j. List the prime factors of v.
2, 5, 13
Let n(d) = -40*d - 34. Let k be n(-10). Suppose -1077 = -y + k. Suppose -9*b = 219 - y. List the prime factors of b.
2, 17
Suppose -32*z + 36*z + m = 46112, -11507 = -z + 5*m. List the prime factors of z.
11527
Let h(r) = -r**2 - 57. Let g be h(13). Let v = 1074 + g. What are the prime factors of v?
2, 53
Let b = 63464 - 41543. What are the prime factors of b?
3, 7307
Let l = 1090 + -746. Let r be 5/2*l/20. Suppose 4*j - 3*j - r = 0. List the prime factors of j.
43
Let n = -19113 + 27202. List the prime factors of n.
8089
Let n = -26638 - -63404. What are the prime factors of n?
2, 31, 593
Let i(l) = 364*l**2 - 8*l + 9. Suppose -6 = 4*z + 5*s, 0 = 2*z + 14*s - 12*s + 2. What are the prime factors of i(z)?
5, 73
Let g(a) = 2*a - 2. Let s be g(-12). Let x = -24 - s. Suppose -o - x*o = -84. List the prime factors of o.
2, 7
Let x(n) = 112*n**2 - 5*n - 10. Suppose 15 = 3*m - 8*m, 4*o - 5*m - 3 = 0. What are the prime factors of x(o)?
1013
Suppose -76*f + 349122 = -48130. List the prime factors of f.
5227
Suppose 0 = -a + 2982 + 1002. Suppose -5*n = -d - a, -3*n + d + 507 + 1883 = 0. What are the prime factors of n?
797
Let w(c) = 6*c**3 + 197*c**2 + 62*c - 2. List the prime factors of w(-13).
97, 199
Suppose 1165*r - 14454 = 1162*r. List the prime factors of r.
2, 3, 11, 73
Suppose 0 = 33429*z - 33437*z + 99200. What are the prime factors of z?
2, 5, 31
Let b(g) = g**3 - 4*g**2 - 7*g